{"id":7723,"date":"2014-09-21T07:55:10","date_gmt":"2014-09-21T06:55:10","guid":{"rendered":"https:\/\/www.icscyl.com\/mileon\/?page_id=7723"},"modified":"2019-07-30T13:50:08","modified_gmt":"2019-07-30T11:50:08","slug":"publicaciones-del-servicio","status":"publish","type":"page","link":"https:\/\/www.icscyl.com\/mileon\/publicaciones-del-servicio\/","title":{"rendered":"Publicaciones del servicio"},"content":{"rendered":"<p style=\"text-align:justify;\"><img loading=\"lazy\" decoding=\"async\" class=\" size-thumbnail wp-image-8750 alignright\" src=\"https:\/\/www.icscyl.com\/mileon\/wp-content\/uploads\/2015\/09\/revistas-644x362.jpg?w=150\" alt=\"revistas--644x362\" width=\"150\" height=\"83\" \/>Adem\u00e1s de las actividades de docencia y formaci\u00f3n, de las que damos buena cuenta en este blog, muchos miembros de nuestro Servicio realizan tareas de investigaci\u00f3n y comunicaci\u00f3n de casos interesantes con publicaciones en diversas revistas cient\u00edficas. Como reflejo de esta actividad se muestran a continuaci\u00f3n los diferentes art\u00edculos publicados por miembros de nuestro Servicio (resaltados en negrita) ordenados cronologicamente desde 2005. En algunos art\u00edculos se encuentra en el t\u00edtulo del art\u00edculo el enlace para descargar el PDF con el art\u00edculo si est\u00e1is interesados.<\/p>\n<h3>A\u00d1O 2019<\/h3>\n<ul>\n<li><strong>Guerra Laso JM<\/strong>, Nebreda Mayoral T, Palacios Guti\u00e9rrez JJ, Samaniego Gonz\u00e1lez E, Rodr\u00edguez Mart\u00edn B, Barrio Rodr\u00edguez L, et al. <a href=\"https:\/\/www.icscyl.com\/mileon\/wp-content\/uploads\/2019\/02\/int.-j.-infect.-dis.-2019-guerra-laso.pdf\">Buruli ulcers in a Spanish aid worker after a stay in Peru. <\/a>Int J Infect Dis 2019; 78: 99-102.<\/li>\n<\/ul>\n<h3>A\u00d1O 2018<\/h3>\n<ul>\n<li><strong>F Estrada \u00c1lvarez, A Mor\u00e1n Blanco, B Cuesta Garc\u00eda, A Arg\u00fcelles Curto, N Bonache Castej\u00f3n, A Ferreras Garc\u00eda, JL Mostaza Fern\u00e1ndez.<\/strong> <a href=\"https:\/\/www.icscyl.com\/mileon\/wp-content\/uploads\/2019\/02\/2018-estrada.pdf\">Colecistitis aguda, cambiar para mejorar.<\/a> Revista Castellana de Gastroenterolog\u00eda 2018; 34: 41-47.<\/li>\n<li>Collazos J, de la Fuente B, Garc\u00eda A, G\u00f3mez H, Me\u00e9ndez C, Enr\u00edquez H, S\u00e1nchez P, Alonso M, L\u00f3pez Cruz I, <strong>Mart\u00edn Regidor M,<\/strong> et al. <a href=\"https:\/\/www.icscyl.com\/mileon\/wp-content\/uploads\/2019\/02\/plos-one-2018-collazos.pdf\">Cellulitis in adult patients: a large, multicenter, observational, prospective study of 606 episodes and analyisis of the factors related to the response to treatment. <\/a>PLoS ONE 2018; 13: e0204036.<\/li>\n<\/ul>\n<h3>A\u00d1O 2017<\/h3>\n<ul>\n<li><strong>Raposo Garc\u00eda S, Guerra Laso JM,<\/strong> Garc\u00eda Garc\u00eda S, Juan Garc\u00eda J, L\u00f3pez Fidalgo E, Diez Tasc\u00f3n C, et al. <a href=\"https:\/\/www.icscyl.com\/mileon\/wp-content\/uploads\/2019\/02\/immunology-letters-2017-raposo-garcicc81a.pdf\">Inmunological response to Mycobacterium tuberculosis infection in blood from type 2 diabetes patients.<\/a> Inmunology Letters 2017; 186: 41-5.<\/li>\n<\/ul>\n<h3>A\u00d1O 2016<\/h3>\n<ul>\n<li>Ar\u00e9valo Lorido JC, G\u00f3mez JC, Formiga F, Conde Martel A, Carrera Izquierdo M, <strong>Muela Molinero A<\/strong>, et al. <a href=\"https:\/\/www.icscyl.com\/mileon\/wp-content\/uploads\/2019\/02\/1-s2.0-s0167527316314413.pdf\">High serum osmolarity at admission determines a worse outcome in patients with heart failure: is a new target emerging?<\/a> Int J Cardiol 2016; 221: 238-42.<\/li>\n<li><strong>Llorente Garc\u00eda J, Ferrero Sanz C, Aguirre Alastuey E, Sardi\u00f1a Gonz\u00e1lez C, Mostaza Fern\u00e1ndez JL<\/strong>. <a href=\"https:\/\/www.icscyl.com\/mileon\/wp-content\/uploads\/2019\/02\/2016-garcicc81a.pdf\">Poliserositis en el posparto. Presentaci\u00f3n at\u00edpica de sarcoidosis.<\/a> Rev Esp Casos Clin Med Intern (RECCMI); 2016: 1: 27-28.<\/li>\n<\/ul>\n<h3 style=\"text-align:justify;\">A\u00d1O 2014<\/h3>\n<ul style=\"text-align:justify;\">\n<li><strong>JL Mostaza Fern\u00e1ndez, JM Guerra Laso,<\/strong> D Carriedo Ule. JM Garc\u00eda Ruiz-Morales. Linfohistiocitosis hemofagoc\u00edtica asociada a infecciones vitales: reto diagn\u00f3stico y dilema terap\u00e9utico.\u00a0Rev Clin Esp. 2014; 214: 320-7.<\/li>\n<li>Fern\u00e1ndez-Natal MI, S\u00e1ez-Nieto JA, Medina-Pascual MJ, Valdezate-Ramos S, <strong>Guerra-Laso JM<\/strong>, Rodr\u00edguez-Poll\u00e1n RH, Soriano F. <a href=\"http:\/\/www.ncbi.nlm.nih.gov\/pubmed\/25135045\">First report of bacteremia by Janibacter terrae in humans.<\/a> 2014 Aug 19. [Epub ahead of print]. PMID: 25135045.<\/li>\n<\/ul>\n<h3 style=\"text-align:justify;\">A\u00d1O 2013<\/h3>\n<ul style=\"text-align:justify;\">\n<li><strong>S Fern\u00e1ndez Gonz\u00e1lez,<\/strong> MJ Suarez Pereiro, E Bollo de Miguel y N Alonso Orcajo. Aspergiloma endobronquial.\u00a0Rev Clin Esp. 2013; 213(7): e71- e72.<\/li>\n<li>M\u00fa\u00f1iz Gonz\u00e1lez F, <strong>Guerra Laso J,<\/strong> Garc\u00eda Garc\u00eda S, L\u00f3pez Veloso M, <strong>Raposo Garc\u00eda S<\/strong>, <strong>Carracedo Falag\u00e1n N<\/strong>, Rivas L\u00f3pez P, Rivero Lezcano O. Estimate of the real incidence of tuberculosis in the Leon Health Area: application of the capture-recapture method to compare two information sources.\u00a0Enferm Infecc Microbiol Clin. 2013 Feb; 31(2): 82-7.<\/li>\n<li><strong>Guerra Laso JM<\/strong>, Gonz\u00e1lez Garc\u00eda S, Gonz\u00e1lez Cort\u00e9s C, Diez Tasc\u00f3n C, L\u00f3pez Medrano R, Rivero Lezcano OM. Macrophages from elders are more permissive to intracellular multiplication of Mycobacterium tuberculosis. Age (Dordr). 2013 Aug; 35(4): 1235-50.<\/li>\n<li>Conde Martel A, Formiga F, P\u00e9rez Bocanegra C, Armengou Arx\u00e9 A, <strong>Muela Molinero A<\/strong>, S\u00e1nchez S\u00e1nchez C, et al. Clinical characteristics and one year survival in heart failure in patients more than 85 years of age compared with younger.\u00a0Eur J Intern Med 2013; 24: 339-45.<\/li>\n<\/ul>\n<h3 style=\"text-align:justify;\">A\u00d1O 2012<\/h3>\n<ul>\n<li style=\"text-align:justify;\">J Casado, M Montero, F Formiga, M Camafort, C S\u00e1nchez, <strong>A Muela<\/strong>, et al. Funci\u00f3n renal en pacientes con insuficiencia cardiaca: valor pron\u00f3stico.\u00a0Rev Clin Esp 2012; 212: 119-26.<\/li>\n<li style=\"text-align:justify;\">Vicente Mart\u00edn S\u00e1nchez, <strong>Mar\u00eda Isabel Muinelo Voces<\/strong>, Francisco Jorquera Plaza, Antonio Jose Molina De La Torre, Seraf\u00edn De Abajo Olea, Sonia Tamames G\u00f3mez, Gonzalo L\u00f3pez-Abente. Tendencia y distribuci\u00f3n municipal de la incidencia de c\u00e1ncer colorrectal en el \u00e1rea de salud d Le\u00f3n (1994-2008).\u00a0\u00a0Gastroenterolog\u00eda y Hepatolog\u00eda. Vol 35, Iss 5 Pgs 299-376, (Mayo 2012).<\/li>\n<li style=\"text-align:justify;\"><strong>Alberto Muela Molinero<\/strong>. Anemia hemol\u00edtica secundaria a fiebre Q.\u00a0Rev Clin Esp 2012; 212: 162-3.<\/li>\n<li>Gonz\u00e1lez OM, Cortes C, Diez Tascon C, <strong>Guerra Laso JM<\/strong>, Gonzalez Coca\u00f1o MC, Rivero Lezcano O. Non-chemotactic influence of CXCL7 on human phagocytes. Modulation of antimicrobial activity against <em> pneumophila<\/em>. <a href=\"http:\/\/preview.ncbi.nlm.nih.gov\/pubmed?term=Non-chemotactic%20influence%20of%20CXCL7%20on%20human%20phagocytes.%20Modulation%20of%20antimicrobial%20activity%20against%20L.%20pneumophila.\">Immunobiology.<\/a> 2012 Apr; 217(4): 394-401.<\/li>\n<\/ul>\n<h3>A\u00d1O 2011<\/h3>\n<ul>\n<li><strong>Fern\u00e1ndez Gonz\u00e1lez S, L\u00f3pez Gonz\u00e1lez R<\/strong>. Epidemiology, presentation forms, radiological stage and diagnostic methods of sarcoidosis in the area of Leon (2001-2008). Rev Clin Esp. 2011 May 3.<\/li>\n<li><strong>Muela Molinero A, Borrego Gal\u00e1n JC, Quiroga Prado L<\/strong>. Chylous ascites secondary to Whipple disease. Rev Clin Esp. 2011 Apr 5.<\/li>\n<\/ul>\n<h3>A\u00d1O 2009<\/h3>\n<ul>\n<li>Rascarachi G, Honrado E, <strong>Quiroga Prado L<\/strong>. <a href=\"http:\/\/www.ncbi.nlm.nih.gov\/pubmed\/19231036?ordinalpos=1&amp;itool=EntrezSystem2.PEntrez.Pubmed.Pubmed_ResultsPanel.Pubmed_DefaultReportPanel.Pubmed_RVDocSum\">Sarcomatoid carcinoma in a patient with Sj\u00f6gren&#8217;s syndrome<\/a>. Gastroenterol Hepatol. 2009 Mar;32(3):150-4.<\/li>\n<li>de la Iglesia Fanjul, <strong>S. Fern\u00e1ndez Gonz\u00e1lez<\/strong> y D. Alonso Rodriguez. Endocarditis tromb\u00f3tica no bacteriana: Revisi\u00f3n de una serie de casos. Rev Clin Esp 2009; 209(11): 565-6.<\/li>\n<\/ul>\n<h3>A\u00d1O 2008<\/h3>\n<ul>\n<li>Torres HE, Zapico M, Vivas S, <strong>Mostaza JL<\/strong>, Blanco J, Ruiz de Morales JM. <a href=\"http:\/\/www.ncbi.nlm.nih.gov\/pubmed\/18579028?ordinalpos=1&amp;itool=EntrezSystem2.PEntrez.Pubmed.Pubmed_ResultsPanel.Pubmed_DefaultReportPanel.Pubmed_RVDocSum\">Clinical performance of antigen-specific interferon-gamma assay for the diagnosis of latent tuberculosis in risky hospital-based populations<\/a>. Med Clin (Barc). 2008 May 31;130(20):761-6.<\/li>\n<li><strong>Guerra Laso J, Mor\u00e1n Blanco A<\/strong>, Lorenzana de la Varga R, Fern\u00e1ndez Natal I. <a href=\"http:\/\/www.ncbi.nlm.nih.gov\/pubmed\/18457635?ordinalpos=1&amp;itool=EntrezSystem2.PEntrez.Pubmed.Pubmed_ResultsPanel.Pubmed_DefaultReportPanel.Pubmed_RVDocSum\">Cavited pneumonia with Mycobacterium gastri positive culture smear<\/a>. Rev Clin Esp. 2008. May; 208(5): 237-8.<\/li>\n<li>Fern\u00e1ndez-Natal MI, S\u00e1ez-Nieto JA, Fern\u00e1ndez-Roblas R, Asencio M, Valdezate S, Lape\u00f1a S, Rodr\u00edguez-Poll\u00e1n RH, <strong>Guerra JM<\/strong>, Blanco J, Cach\u00f3n F, Soriano F. The isolation of Corynebacterium coyleae from clinical samples: clinical and microbiological data. Eur J Clin Microbiol Infect Dis. 2008;27:177-184.<\/li>\n<li><strong>Muela Molinero A, Borrego Gal\u00e1n JC, Quiroga Prado L, Santos Calder\u00f3n JA<\/strong>. <a href=\"http:\/\/www.ncbi.nlm.nih.gov\/pubmed\/18817711?ordinalpos=1&amp;itool=EntrezSystem2.PEntrez.Pubmed.Pubmed_ResultsPanel.Pubmed_DefaultReportPanel.Pubmed_RVDocSum\">Spontaneous urinoma resolved with bladder catheter<\/a>. Rev Clin Esp. 2008 Sep;208(8):424-5.<\/li>\n<\/ul>\n<h3>A\u00d1O 2007<\/h3>\n<ul>\n<li style=\"text-align:justify;\">Tejada J, Hern\u00e1ndez-Echebarr\u00eda L, Sandoval V, <strong>Mostaza JL.<\/strong> <a href=\"http:\/\/www.ncbi.nlm.nih.gov\/pubmed\/17853967?ordinalpos=4&amp;itool=EntrezSystem2.PEntrez.Pubmed.Pubmed_ResultsPanel.Pubmed_DefaultReportPanel.Pubmed_RVDocSum\">Cerebral ischemia as first manifestation of paroxysmal nocturnal hemoglobinuria<\/a>. Neurologia. 2007 Sep;22(7):471-4.<\/li>\n<li style=\"text-align:justify;\"><strong>Mostaza JL, P\u00e9rez S<\/strong>, Herr\u00e1ez I, Garc\u00eda JM. <a href=\"http:\/\/www.ncbi.nlm.nih.gov\/pubmed\/17504692?ordinalpos=5&amp;itool=EntrezSystem2.PEntrez.Pubmed.Pubmed_ResultsPanel.Pubmed_DefaultReportPanel.Pubmed_RVDocSum\">Lung infection due to MAC in a patient with no predisposing factors]<\/a>. Enferm Infecc Microbiol Clin. 2007 May;25(5):356-7.<\/li>\n<li style=\"text-align:justify;\"><strong>Mostaza-Fern\u00e1ndez JL, Li\u00f1\u00e1n Alonso M<\/strong>, De la Fuente-Dom\u00ednguez C. <a href=\"http:\/\/www.ncbi.nlm.nih.gov\/pubmed\/17335734?ordinalpos=6&amp;itool=EntrezSystem2.PEntrez.Pubmed.Pubmed_ResultsPanel.Pubmed_DefaultReportPanel.Pubmed_RVDocSum\">Multiple myeloma<\/a>. Med Clin (Barc). 2007 Feb 17;128(6):240.<\/li>\n<li style=\"text-align:justify;\"><strong>Teijo-N\u00fa\u00f1ez C, Mostaza-Fern\u00e1ndez JL, P\u00e9rez-Andrada S, P\u00e9rez-Sim\u00f3n MR<\/strong>. <a href=\"http:\/\/www.ncbi.nlm.nih.gov\/pubmed\/17261248?ordinalpos=7&amp;itool=EntrezSystem2.PEntrez.Pubmed.Pubmed_ResultsPanel.Pubmed_DefaultReportPanel.Pubmed_RVDocSum\">Tuberculous esophagomediastinal fistula in a HIV-infected patient<\/a>. Enferm Infecc Microbiol Clin. 2007 Jan;25(1):66-7.<\/li>\n<li style=\"text-align:justify;\"><strong>Ballesteros del R\u00edo B<\/strong>, Barb\u00f3n Fern\u00e1ndez M, <strong>Muela Molinero A<\/strong>, et al. <a href=\"http:\/\/www.ncbi.nlm.nih.gov\/pubmed\/17944046?ordinalpos=2&amp;itool=EntrezSystem2.PEntrez.Pubmed.Pubmed_ResultsPanel.Pubmed_DefaultReportPanel.Pubmed_RVDocSum\">Pleural effusion in multiple myeloma<\/a>. An Med Interna. 2007 Jun;24(6):306-7.<\/li>\n<li style=\"text-align:justify;\">Cuevas Gonz\u00e1lez MJ, Val\u00edn LO, <strong>P\u00e9rez-Sim\u00f3n MD, Mostaza Fern\u00e1ndez JL<\/strong>, <strong>Alcoba Leza M,<\/strong> S\u00e1nchez VM; the HAART Adherence Working Group of the Province of L\u00e9on, Spain. <a href=\"http:\/\/www.ncbi.nlm.nih.gov\/pubmed\/17873246?ordinalpos=3&amp;itool=EntrezSystem2.PEntrez.Pubmed.Pubmed_ResultsPanel.Pubmed_DefaultReportPanel.Pubmed_RVDocSum\">A Prospective Study of Adherence and Virologic Failure in HIV-Infected Patients: Role of a Single Determination of Plasma Levels of Antiretroviral Medications.<\/a> J Int Assoc Physicians AIDS Care (Chic Ill). 2007 Dec;6(4):245-250.<\/li>\n<li style=\"text-align:justify;\">Tejada J, Hern\u00e1ndez-Echebarr\u00eda L, Sandoval V, <strong>Mostaza JL<\/strong>. <a href=\"http:\/\/www.ncbi.nlm.nih.gov\/pubmed\/17853967?ordinalpos=4&amp;itool=EntrezSystem2.PEntrez.Pubmed.Pubmed_ResultsPanel.Pubmed_DefaultReportPanel.Pubmed_RVDocSum\">Cerebral ischemia as first manifestation of paroxysmal nocturnal hemoglobinuria<\/a>. Neurologia. 2007 Sep;22(7):471-4.<\/li>\n<li style=\"text-align:justify;\"><strong>Mostaza JL, P\u00e9rez S<\/strong>, Herr\u00e1ez I, Garc\u00eda JM. <a href=\"http:\/\/www.ncbi.nlm.nih.gov\/pubmed\/17504692?ordinalpos=5&amp;itool=EntrezSystem2.PEntrez.Pubmed.Pubmed_ResultsPanel.Pubmed_DefaultReportPanel.Pubmed_RVDocSum\">Lung infection due to MAC in a patient with no predisposing factors]<\/a>. Enferm Infecc Microbiol Clin. 2007 May;25(5):356-7.<\/li>\n<li style=\"text-align:justify;\"><strong>Mostaza-Fern\u00e1ndez JL, Li\u00f1\u00e1n Alonso M,<\/strong> De la Fuente-Dom\u00ednguez C. <a href=\"http:\/\/www.ncbi.nlm.nih.gov\/pubmed\/17335734?ordinalpos=6&amp;itool=EntrezSystem2.PEntrez.Pubmed.Pubmed_ResultsPanel.Pubmed_DefaultReportPanel.Pubmed_RVDocSum\">Multiple myeloma<\/a>. Med Clin (Barc). 2007 Feb 17;128(6):240.<\/li>\n<li style=\"text-align:justify;\"><strong>Teijo-N\u00fa\u00f1ez C,<\/strong> <strong>Mostaza-Fern\u00e1ndez JL, P\u00e9rez-Andrada S, P\u00e9rez-Sim\u00f3n MR.<\/strong> <a href=\"http:\/\/www.ncbi.nlm.nih.gov\/pubmed\/17261248?ordinalpos=7&amp;itool=EntrezSystem2.PEntrez.Pubmed.Pubmed_ResultsPanel.Pubmed_DefaultReportPanel.Pubmed_RVDocSum\">Tuberculous esophagomediastinal fistula in a HIV-infected patient<\/a>. Enferm Infecc Microbiol Clin. 2007 Jan;25(1):66-7.<\/li>\n<\/ul>\n<h3>A\u00d1O 2006<\/h3>\n<ul>\n<li style=\"text-align:justify;\"><strong>Teijo N\u00fa\u00f1ez C<\/strong>, Raimunde Seoane E, Alvarez Alvarez S, Olcoz Go\u00f1i JL. Epiploic appendacitis: An unusual case of acute abdominal pain. An Med Interna. 2006 Oct;23(10):507-8.<\/li>\n<li style=\"text-align:justify;\"><strong>Teijo-N\u00fa\u00f1ez C,<\/strong> Escudero-Nieto R, Fern\u00e1ndez-Natal MI, Anda-Fern\u00e1ndez P. New case of autochthonous tick-borne tularemia. Enferm Infecc Microbiol Clin. 2006 Oct;24(8):533.<\/li>\n<li style=\"text-align:justify;\"><strong>Teijo-N\u00fa\u00f1ez C,<\/strong> Fuertes-N\u00fa\u00f1ez M, <strong>Fern\u00e1ndez-P\u00e9rez E, Mu\u00f1oz-Rodr\u00edguez M.<\/strong> Incrusted cystitis due to Pseudomonas aeruginosa: an unusual cause of mictional syndrome. Med Clin (Barc). 2006 Mar 11;126(9):358.<\/li>\n<li style=\"text-align:justify;\"><strong>Muela Molinero A,<\/strong> Jorquera Plaza F, Ribas Ari\u00f1o T, Malag\u00f3n Rojo R, Espinel Diez V, <strong>Ballesteros del R\u00edo B,<\/strong> Olcoz Go\u00f1i JL, <strong>Santos Calder\u00f3n JA<\/strong>. Multiple malignant primary neoplasms in patients with gatric neoplasms in the health district of Le\u00f3n. Rev Esp Enferm Dig. 2006 Dec;98(12):907-16.<\/li>\n<li style=\"text-align:justify;\"><strong>Muela Molinero A<\/strong>, Jorquera Plaza F, Ribas Ari\u00f1o T, Malag\u00f3n Rojo R, <strong>Santos Calder\u00f3n JA<\/strong>, Espinel D\u00edez V, Olcoz Go\u00f1i JL, <strong>Quiroga Prado L<\/strong>. Analysis of the characteristics of patients with bladder cancer diagnosed of multiple neoplasms in the health district of Le\u00f3n (Spain). Rev Clin Esp. 2006 Oct;206(9):422-7.<\/li>\n<li><strong>Muela Molinero A,<\/strong> Jorquera Plaza F, Ribas Ari\u00f1o T, Malag\u00f3n Rojo R, <strong>Mor\u00e1n Blanco A, Mart\u00ednez N\u00fa\u00f1ez AL<\/strong>, et al. C\u00e1ncer colo-rectal multic\u00e9ntrico (CCRM) en el \u00e1rea sanitaria de Le\u00f3n. Oncolog\u00eda 2006; 29: 329-37.<\/li>\n<\/ul>\n<h3>A\u00d1O 2005<\/h3>\n<ul>\n<li><strong>Muela Molinero A<\/strong>, Jorquera Plaza F, Malag\u00f3n Rojo R, Ribas Ari\u00f1o MT, Mu\u00f1oz Rodr\u00edguez M. Neoplasias primarias malignas m\u00faltiples en pacientes con neoplasias prost\u00e1ticas en el \u00e1rea sanitaria de Le\u00f3n. An Med Interna 2005; 22: 9-14.<\/li>\n<li style=\"text-align:justify;\"><strong>Mor\u00e1n Blanco A, Guerra Laso<\/strong>. Citalopram in the etiology of inappropriate antidiuretic hormone secretion s\u00edndrome. Rev Clin Esp. 2005; 205: 144.<\/li>\n<li style=\"text-align:justify;\"><strong>JL. Mostaza, I. Muinelo, C. Teijo, S. P\u00e9rez.<\/strong> Prevalencia y gravedad de efectos adversos durante la hospitalizaci\u00f3n. Medicina Cl\u00ednica (Barc). 2005.124:77.<\/li>\n<li style=\"text-align:justify;\"><strong>JL. Mostaza,<\/strong> M.I. Fuentes, M.J. Palomo, N. Garc\u00eda. Impacto de una intervenci\u00f3n educativa simple en el retraso diagn\u00f3stico de los pacientes hospitalizados con tuberculosis pulmonar. Medicina Cl\u00ednica (Barc). 2005. 124: 315.<\/li>\n<\/ul>\n<h1 style=\"text-align:center;\"><\/h1>\n<p>&nbsp;<\/p>\n","protected":false},"excerpt":{"rendered":"<p>Adem\u00e1s de las actividades de docencia y formaci\u00f3n, de las que damos buena cuenta en este blog, muchos miembros de nuestro Servicio realizan tareas de investigaci\u00f3n y comunicaci\u00f3n de casos interesantes con publicaciones en diversas revistas cient\u00edficas. Como reflejo de esta actividad se muestran a continuaci\u00f3n los diferentes art\u00edculos publicados por miembros de nuestro Servicio [&hellip;]<\/p>\n","protected":false},"author":4,"featured_media":0,"parent":0,"menu_order":0,"comment_status":"open","ping_status":"open","template":"","meta":{"jetpack_post_was_ever_published":false,"footnotes":""},"class_list":["post-7723","page","type-page","status-publish","hentry"],"jetpack_sharing_enabled":true,"post_mailing_queue_ids":[],"_links":{"self":[{"href":"https:\/\/www.icscyl.com\/mileon\/wp-json\/wp\/v2\/pages\/7723","targetHints":{"allow":["GET"]}}],"collection":[{"href":"https:\/\/www.icscyl.com\/mileon\/wp-json\/wp\/v2\/pages"}],"about":[{"href":"https:\/\/www.icscyl.com\/mileon\/wp-json\/wp\/v2\/types\/page"}],"author":[{"embeddable":true,"href":"https:\/\/www.icscyl.com\/mileon\/wp-json\/wp\/v2\/users\/4"}],"replies":[{"embeddable":true,"href":"https:\/\/www.icscyl.com\/mileon\/wp-json\/wp\/v2\/comments?post=7723"}],"version-history":[{"count":0,"href":"https:\/\/www.icscyl.com\/mileon\/wp-json\/wp\/v2\/pages\/7723\/revisions"}],"wp:attachment":[{"href":"https:\/\/www.icscyl.com\/mileon\/wp-json\/wp\/v2\/media?parent=7723"}],"curies":[{"name":"wp","href":"https:\/\/api.w.org\/{rel}","templated":true}]}}