{"id":25595,"date":"2023-05-08T12:33:00","date_gmt":"2023-05-08T10:33:00","guid":{"rendered":"https:\/\/www.icscyl.com\/mileon\/?page_id=25595"},"modified":"2023-12-04T20:03:14","modified_gmt":"2023-12-04T19:03:14","slug":"37o-congreso-socalmi","status":"publish","type":"page","link":"https:\/\/www.icscyl.com\/mileon\/37o-congreso-socalmi\/","title":{"rendered":"37 SOCALMI"},"content":{"rendered":"<div class=\"wp-block-image is-resized\">\n<figure class=\"alignright size-full\"><img loading=\"lazy\" decoding=\"async\" width=\"546\" height=\"168\" src=\"https:\/\/www.icscyl.com\/mileon\/wp-content\/uploads\/2023\/05\/Captura-de-pantalla-2021-10-20-a-las-15.02.45.png\" alt=\"\" class=\"wp-image-25593\" style=\"aspect-ratio:3.25;width:274px;height:auto\" srcset=\"https:\/\/www.icscyl.com\/mileon\/wp-content\/uploads\/2023\/05\/Captura-de-pantalla-2021-10-20-a-las-15.02.45.png 546w, https:\/\/www.icscyl.com\/mileon\/wp-content\/uploads\/2023\/05\/Captura-de-pantalla-2021-10-20-a-las-15.02.45-300x92.png 300w\" sizes=\"auto, (max-width: 546px) 100vw, 546px\" \/><\/figure>\n<\/div>\n\n\n<p>El 9 y 10 de Junio se celebr\u00f3 en Le\u00f3n la edici\u00f3n 37\u00aa del Congreso de la Sociedad Castellanoleonesa-C\u00e1ntabra de Medicina Interna en el Palacin (Palacio de Congresos de Le\u00f3n). <\/p>\n\n\n\n<p>En el enlace adjunto est\u00e1 disponible el programa del congreso. En esta p\u00e1gina se encontrar\u00e1n disponibles de forma progresiva las presentaciones orales\/poster y las ponencias que se presentaron durante el Congreso.<\/p>\n\n\n\n<div class=\"wp-block-file\"><a id=\"wp-block-file--media-25f1be63-63a8-4e55-9979-7ac0cbcc7a18\" href=\"https:\/\/www.icscyl.com\/mileon\/wp-content\/uploads\/2023\/05\/Programa-SOCALMI-version-blog.pdf\">Programa-SOCALMI-version-blog<\/a><a href=\"https:\/\/www.icscyl.com\/mileon\/wp-content\/uploads\/2023\/05\/Programa-SOCALMI-version-blog.pdf\" class=\"wp-block-file__button wp-element-button\" download aria-describedby=\"wp-block-file--media-25f1be63-63a8-4e55-9979-7ac0cbcc7a18\">Descarga<\/a><\/div>\n","protected":false},"excerpt":{"rendered":"<p>El 9 y 10 de Junio se celebr\u00f3 en Le\u00f3n la edici\u00f3n 37\u00aa del Congreso de la Sociedad Castellanoleonesa-C\u00e1ntabra de Medicina Interna en el Palacin (Palacio de Congresos de Le\u00f3n). En el enlace adjunto est\u00e1 disponible el programa del congreso. En esta p\u00e1gina se encontrar\u00e1n disponibles de forma progresiva las presentaciones orales\/poster y las ponencias [&hellip;]<\/p>\n","protected":false},"author":4,"featured_media":0,"parent":0,"menu_order":0,"comment_status":"closed","ping_status":"closed","template":"","meta":{"jetpack_post_was_ever_published":false,"footnotes":""},"class_list":["post-25595","page","type-page","status-publish","hentry"],"jetpack_sharing_enabled":true,"post_mailing_queue_ids":[],"_links":{"self":[{"href":"https:\/\/www.icscyl.com\/mileon\/wp-json\/wp\/v2\/pages\/25595","targetHints":{"allow":["GET"]}}],"collection":[{"href":"https:\/\/www.icscyl.com\/mileon\/wp-json\/wp\/v2\/pages"}],"about":[{"href":"https:\/\/www.icscyl.com\/mileon\/wp-json\/wp\/v2\/types\/page"}],"author":[{"embeddable":true,"href":"https:\/\/www.icscyl.com\/mileon\/wp-json\/wp\/v2\/users\/4"}],"replies":[{"embeddable":true,"href":"https:\/\/www.icscyl.com\/mileon\/wp-json\/wp\/v2\/comments?post=25595"}],"version-history":[{"count":0,"href":"https:\/\/www.icscyl.com\/mileon\/wp-json\/wp\/v2\/pages\/25595\/revisions"}],"wp:attachment":[{"href":"https:\/\/www.icscyl.com\/mileon\/wp-json\/wp\/v2\/media?parent=25595"}],"curies":[{"name":"wp","href":"https:\/\/api.w.org\/{rel}","templated":true}]}}

<div class="wp-block-image is-resized">
<figure class="alignright size-full"><img loading="lazy" decoding="async" width="546" height="168" src="https://www.icscyl.com/mileon/wp-content/uploads/2023/05/Captura-de-pantalla-2021-10-20-a-las-15.02.45.png" alt="" class="wp-image-25593" style="aspect-ratio:3.25;width:274px;height:auto" srcset="https://www.icscyl.com/mileon/wp-content/uploads/2023/05/Captura-de-pantalla-2021-10-20-a-las-15.02.45.png 546w, https://www.icscyl.com/mileon/wp-content/uploads/2023/05/Captura-de-pantalla-2021-10-20-a-las-15.02.45-300x92.png 300w" sizes="auto, (max-width: 546px) 100vw, 546px" /></figure>
</div>


<p>El 9 y 10 de Junio se celebró en León la edición 37ª del Congreso de la Sociedad Castellanoleonesa-Cántabra de Medicina Interna en el Palacin (Palacio de Congresos de León). </p>



<p>En el enlace adjunto está disponible el programa del congreso. En esta página se encontrarán disponibles de forma progresiva las presentaciones orales/poster y las ponencias que se presentaron durante el Congreso.</p>



<div class="wp-block-file"><a id="wp-block-file--media-25f1be63-63a8-4e55-9979-7ac0cbcc7a18" href="https://www.icscyl.com/mileon/wp-content/uploads/2023/05/Programa-SOCALMI-version-blog.pdf">Programa-SOCALMI-version-blog</a><a href="https://www.icscyl.com/mileon/wp-content/uploads/2023/05/Programa-SOCALMI-version-blog.pdf" class="wp-block-file__button wp-element-button" download aria-describedby="wp-block-file--media-25f1be63-63a8-4e55-9979-7ac0cbcc7a18">Descarga</a></div>

<p>El 9 y 10 de Junio se celebró en León la edición 37ª del Congreso de la Sociedad Castellanoleonesa-Cántabra de Medicina Interna en el Palacin (Palacio de Congresos de León). En el enlace adjunto está disponible el programa del congreso. En esta página se encontrarán disponibles de forma progresiva las presentaciones orales/poster y las ponencias [&hellip;]</p>
