{"id":22078,"date":"2019-07-31T12:33:42","date_gmt":"2019-07-31T10:33:42","guid":{"rendered":"https:\/\/www.icscyl.com\/mileon\/?page_id=22078"},"modified":"2019-07-31T12:52:08","modified_gmt":"2019-07-31T10:52:08","slug":"privacidad","status":"publish","type":"page","link":"https:\/\/www.icscyl.com\/mileon\/privacidad\/","title":{"rendered":"Privacidad"},"content":{"rendered":"\n<p>Pol\u00edtica de privacidad<\/p>\n\n\n\n<p><a href=\"\/aviso-legal\/\" target=\"_blank\" data-wpel-link=\"internal\" rel=\"noopener noreferrer\">Aviso Legal<\/a> | <a href=\"\/proteccion-de-datos\/\" target=\"_blank\" data-wpel-link=\"internal\" rel=\"noopener noreferrer\">Protecci\u00f3n de Datos<\/a> | <a href=\"\/politica-de-cookies\/\" target=\"_blank\" data-wpel-link=\"internal\" rel=\"noopener noreferrer\">Pol\u00edtica de Cookies<\/a>\n        <\/p>\n","protected":false},"excerpt":{"rendered":"<p>Pol\u00edtica de privacidad Aviso Legal | Protecci\u00f3n de Datos | Pol\u00edtica de Cookies<\/p>\n","protected":false},"author":2,"featured_media":0,"parent":0,"menu_order":0,"comment_status":"closed","ping_status":"closed","template":"","meta":{"jetpack_post_was_ever_published":false,"footnotes":""},"class_list":["post-22078","page","type-page","status-publish","hentry"],"jetpack_sharing_enabled":true,"post_mailing_queue_ids":[],"_links":{"self":[{"href":"https:\/\/www.icscyl.com\/mileon\/wp-json\/wp\/v2\/pages\/22078","targetHints":{"allow":["GET"]}}],"collection":[{"href":"https:\/\/www.icscyl.com\/mileon\/wp-json\/wp\/v2\/pages"}],"about":[{"href":"https:\/\/www.icscyl.com\/mileon\/wp-json\/wp\/v2\/types\/page"}],"author":[{"embeddable":true,"href":"https:\/\/www.icscyl.com\/mileon\/wp-json\/wp\/v2\/users\/2"}],"replies":[{"embeddable":true,"href":"https:\/\/www.icscyl.com\/mileon\/wp-json\/wp\/v2\/comments?post=22078"}],"version-history":[{"count":0,"href":"https:\/\/www.icscyl.com\/mileon\/wp-json\/wp\/v2\/pages\/22078\/revisions"}],"wp:attachment":[{"href":"https:\/\/www.icscyl.com\/mileon\/wp-json\/wp\/v2\/media?parent=22078"}],"curies":[{"name":"wp","href":"https:\/\/api.w.org\/{rel}","templated":true}]}}