{"id":13526,"date":"2024-03-07T14:43:45","date_gmt":"2024-03-07T13:43:45","guid":{"rendered":"https:\/\/www.icscyl.com\/mileon\/?page_id=13526"},"modified":"2026-01-19T16:13:51","modified_gmt":"2026-01-19T15:13:51","slug":"calendario-de-sesiones","status":"publish","type":"page","link":"https:\/\/www.icscyl.com\/mileon\/calendario-de-sesiones\/","title":{"rendered":"Calendario de sesiones"},"content":{"rendered":"<div class=\"wp-block-image is-resized\">\n<figure class=\"alignright\"><img loading=\"lazy\" decoding=\"async\" width=\"389\" height=\"400\" src=\"https:\/\/www.icscyl.com\/mileon\/wp-content\/uploads\/2019\/08\/preview.jpg\" alt=\"\" class=\"wp-image-23617\" style=\"width:103px;height:auto\" srcset=\"https:\/\/www.icscyl.com\/mileon\/wp-content\/uploads\/2019\/08\/preview.jpg 389w, https:\/\/www.icscyl.com\/mileon\/wp-content\/uploads\/2019\/08\/preview-292x300.jpg 292w\" sizes=\"auto, (max-width: 389px) 100vw, 389px\" \/><\/figure>\n<\/div>\n\n\n<p>En esta p\u00e1gina se encuentra disponible el calendario de sesiones de las que se cuelga posteriormente el contenido en el blog. Los residentes de nuestro Servicio participan en la realizaci\u00f3n de las sesiones de los lunes (revisiones de temas y en el caso de residentes mayores de revistas) y de los mi\u00e9rcoles (cl\u00ednicas en colaboraci\u00f3n con un adjunto del Servicio). Los viernes es turno de los adjuntos en las sesiones bibliogr\u00e1ficas, donde se repasan los art\u00edculos m\u00e1s interesantes publicados en los \u00faltimos meses. Dentro de las actividades multidisciplinares de nuestro hospital, todos los martes se celebran las sesiones de maitines con la colaboraci\u00f3n de adjuntos y residentes de diversas especialidades y la coordinaci\u00f3n del Dr. Guerra. Adem\u00e1s los jueves tambi\u00e9n se realizan sesiones multidisciplinares de microbiolog\u00eda coordinadas por el Servicio de Microbiolog\u00eda Cl\u00ednica del CUALE. En el enlace adjunto se encuentra un archivo Powerpoint para utilizar como plantilla b\u00e1sica para estas presentaciones.<\/p>\n\n\n\n<div class=\"wp-block-file\"><a id=\"wp-block-file--media-0ddede4d-b80e-4ced-8948-ceb6532fa102\" href=\"https:\/\/www.icscyl.com\/mileon\/wp-content\/uploads\/2019\/11\/Plantilla-sesiones-medicina-interna.pptx\">Plantilla-sesiones-medicina-interna<\/a><a href=\"https:\/\/www.icscyl.com\/mileon\/wp-content\/uploads\/2019\/11\/Plantilla-sesiones-medicina-interna.pptx\" class=\"wp-block-file__button wp-element-button\" download aria-describedby=\"wp-block-file--media-0ddede4d-b80e-4ced-8948-ceb6532fa102\">Descarga<\/a><\/div>\n\n\n\n<hr class=\"wp-block-separator has-alpha-channel-opacity\"\/>\n\n\n\n<h1 class=\"wp-block-heading\">Calendario de Sesiones<\/h1>\n\n\n\n<h3 class=\"wp-block-heading\">FEBRERO 2026<\/h3>\n\n\n\n<ul class=\"wp-block-list\">\n<li>02: Sesi\u00f3n de residentes. Juan Ayala \u00c1lvarez (Farmacia)<\/li>\n\n\n\n<li>04: Sesi\u00f3n cl\u00ednica. Dr. D. Garc\u00eda Ben\u00e9itez y Dra. E. Fern\u00e1ndez P\u00e9rez<\/li>\n\n\n\n<li>06: Sesi\u00f3n bibliogr\u00e1fica. Dra. Susana Garc\u00eda Escudero<\/li>\n\n\n\n<li>09: Sesi\u00f3n de residentes. Paloma Castro N\u00fa\u00f1ez (Neurolog\u00eda)<\/li>\n\n\n\n<li>11: Sesi\u00f3n cl\u00ednica. Dra. J.E. Rodr\u00edguez Garc\u00eda y Dra. C. Ferrero Sanz<\/li>\n\n\n\n<li>13: Sesi\u00f3n bibliogr\u00e1fica. Dra. Miriam Li\u00f1\u00e1n Alonso<\/li>\n\n\n\n<li>16: Sesi\u00f3n de residentes. Gloria Santos Gordillo (Hematolog\u00eda)<\/li>\n\n\n\n<li>18: Sesi\u00f3n cl\u00ednica. Dra. S. Alv\u00e1rez Cueto y Dra. R. Garc\u00eda D\u00edez<\/li>\n\n\n\n<li>20: Sesi\u00f3n bibliogr\u00e1fica. Dr. Alberto Mor\u00e1n Blanco<\/li>\n\n\n\n<li>23: Sesi\u00f3n de residentes. Luc\u00eda Mira Bay\u00f3n (Farmacia)<\/li>\n\n\n\n<li>25: Sesi\u00f3n cl\u00ednica. Dra. E. Soria Alcaide y Dra. S. Garc\u00eda Escudero<\/li>\n\n\n\n<li>27: Sesi\u00f3n bibliogr\u00e1fica. Dr. Alberto Muela Molinero<\/li>\n<\/ul>\n\n\n\n<h3 class=\"wp-block-heading\">MARZO 2026<\/h3>\n\n\n\n<ul class=\"wp-block-list\">\n<li>02: Sesi\u00f3n de residentes. Javier Costas Garc\u00eda y \u00c1ngel D\u00edez Rodr\u00edguez (MFyC)<\/li>\n\n\n\n<li>04: Sesi\u00f3n cl\u00ednica. Dra. L.V. Calvo Rubio y Dra. C. Garc\u00eda Mel\u00f3n<\/li>\n\n\n\n<li>06: Sesi\u00f3n bibliogr\u00e1fica. Dra. Isabel Muinelo Voces<\/li>\n\n\n\n<li>09: Sesi\u00f3n de residentes. Ana Lahoz Garc\u00eda y Maynola Carolina Mena Garc\u00eda (MFyC)<\/li>\n\n\n\n<li>11: Sesi\u00f3n cl\u00ednica. Dra. M. Pintor Rey y Dr. J. Guerra Laso<\/li>\n\n\n\n<li>13: Sesi\u00f3n bibliogr\u00e1fica. Dr. Fernando Nistal de Paz<\/li>\n\n\n\n<li>16: Sesi\u00f3n de residentes. Diego Ozcoite Idoate (Farmacia)<\/li>\n\n\n\n<li>18: Sesi\u00f3n cl\u00ednica. Dr. A. Cu\u00e9llar de la Rosa y Dr. J.A. Herrera Rubio<\/li>\n\n\n\n<li>20: Sesi\u00f3n bibliogr\u00e1fica. Dra. Esmeralda Palmier Pel\u00e1ez<\/li>\n\n\n\n<li>23: Sesi\u00f3n de residentes. Erlander Reginaldo Clemente y Sara Fern\u00e1ndez \u00c1lvarez (MFyC)<\/li>\n\n\n\n<li>25: Sesi\u00f3n cl\u00ednica. Dr. Carlos Lorente Larra\u00f1eta y Dra. M. Ledo Laso<\/li>\n\n\n\n<li>27: Sesi\u00f3n bibliogr\u00e1fica. Dr. Antonio Paredes Mogollo<\/li>\n\n\n\n<li>30: Sesi\u00f3n de residentes. Damaris Gonz\u00e1lez Medina y Virginia Matos \u00c1lvarez (MFyC)<\/li>\n<\/ul>\n\n\n\n<h3 class=\"wp-block-heading\">ABRIL 2026<\/h3>\n\n\n\n<ul class=\"wp-block-list\">\n<li>06: Sesi\u00f3n de residentes. Claudia Marcela Jim\u00e9nez Bogoya (Inmunolog\u00eda)<\/li>\n\n\n\n<li>08: Sesi\u00f3n cl\u00ednica. Dra. J. Rodr\u00edguez Gonz\u00e1lez y Dra. M. Li\u00f1\u00e1n Alonso<\/li>\n\n\n\n<li>10: (No hay sesi\u00f3n \u2013 viernes postfestivo)<\/li>\n\n\n\n<li>13: Sesi\u00f3n de residentes. Luc\u00eda Buela Fungueiri\u00f1o (Digestivo)<\/li>\n\n\n\n<li>15: Sesi\u00f3n cl\u00ednica. Dra. A. Gonz\u00e1lez Prieto y Dra. E. Magaz Garc\u00eda<\/li>\n\n\n\n<li>17: Sesi\u00f3n bibliogr\u00e1fica. Dra. Rosario P\u00e9rez Sim\u00f3n<\/li>\n\n\n\n<li>20: Sesi\u00f3n de residentes. Carlos Lorente Larra\u00f1eta (Medicina Interna)<\/li>\n\n\n\n<li>22: Sesi\u00f3n cl\u00ednica. Dra. A. Gonz\u00e1lez P\u00e9rez y Dr. L. Marcos Gonz\u00e1lez<\/li>\n\n\n\n<li>24: (No hay sesi\u00f3n \u2013 mi\u00e9rcoles festivo anterior)<\/li>\n\n\n\n<li>27: Sesi\u00f3n de residentes. Marina Pintor Rey (Medicina Interna)<\/li>\n\n\n\n<li>29: Sesi\u00f3n cl\u00ednica. Dra. Paula Ur\u00eda Mart\u00ednez y Dr. Mart\u00edn Iglesias<\/li>\n<\/ul>\n\n\n\n<h3 class=\"wp-block-heading\">MAYO 2026<\/h3>\n\n\n\n<ul class=\"wp-block-list\">\n<li>01: (No hay sesi\u00f3n \u2013 festivo)<\/li>\n\n\n\n<li>04: Sesi\u00f3n de residentes. Alba Gonz\u00e1lez Prieto (Medicina Interna)<\/li>\n\n\n\n<li>06: Sesi\u00f3n cl\u00ednica. Dra. L. Sevilla Sempere y Dra. A. Mart\u00ednez Gonz\u00e1lez<\/li>\n\n\n\n<li>08: Sesi\u00f3n bibliogr\u00e1fica. Dra. Cristina Prada Gonz\u00e1lez<\/li>\n\n\n\n<li>11: Sesi\u00f3n de residentes. Alejandra Gonz\u00e1lez P\u00e9rez (Medicina Interna)<\/li>\n\n\n\n<li>13: Sesi\u00f3n cl\u00ednica. Dra. M. P\u00e9rez Certal y Dr. A. Mor\u00e1n Blanco<\/li>\n\n\n\n<li>15: Sesi\u00f3n bibliogr\u00e1fica. Dra. Sara Raposo Garc\u00eda<\/li>\n\n\n\n<li>18: Sesi\u00f3n de residentes. Paula Ur\u00eda Mart\u00ednez (Medicina Interna)<\/li>\n\n\n\n<li>20: Sesi\u00f3n cl\u00ednica. Dr. D. Garc\u00eda Ben\u00e9itez y Dr. A. Muela Molinero<\/li>\n\n\n\n<li>22: Sesi\u00f3n bibliogr\u00e1fica. Dra. Raquel Rodr\u00edguez D\u00edez<\/li>\n\n\n\n<li>25: Sesi\u00f3n de residentes. Alejandro Cu\u00e9llar de la Rosa (Medicina Interna)<\/li>\n\n\n\n<li>27: Sesi\u00f3n cl\u00ednica. Dra. J.E. Rodr\u00edguez Garc\u00eda y Dra. I. Muinelo Voces<\/li>\n\n\n\n<li>29: Sesi\u00f3n bibliogr\u00e1fica. Dra. Alicia Romero Calvo<\/li>\n<\/ul>\n\n\n\n<h3 class=\"wp-block-heading\">JUNIO 2026<\/h3>\n\n\n\n<ul class=\"wp-block-list\">\n<li>01: Sesi\u00f3n de residentes. Julia Rodr\u00edguez Gonz\u00e1lez (Medicina Interna)<\/li>\n\n\n\n<li>03: Sesi\u00f3n cl\u00ednica. Dra. L.V. Calvo Rubio y Dr. F. Nistal de Paz<\/li>\n\n\n\n<li>05: Sesi\u00f3n bibliogr\u00e1fica. Dr. Christian Teijo N\u00fa\u00f1ez<\/li>\n\n\n\n<li>08: Sesi\u00f3n de residentes. Eva Soria Alcaide (Medicina Interna)<\/li>\n\n\n\n<li>10: Sesi\u00f3n cl\u00ednica. Dra. S. Alv\u00e1rez Cueto y Dra. E. Palmier Pel\u00e1ez<\/li>\n\n\n\n<li>12: Sesi\u00f3n bibliogr\u00e1fica. Dra. Marta V\u00e1zquez del Campo<\/li>\n\n\n\n<li>15: Sesi\u00f3n de residentes. Luc\u00eda Sevilla Sempere (Medicina Interna)<\/li>\n\n\n\n<li>17: Sesi\u00f3n cl\u00ednica. Dra. M. Pintor Rey y Dr. A. Paredes Mogollo<\/li>\n\n\n\n<li>19: Sesi\u00f3n bibliogr\u00e1fica. Dra. Beatriz Vicente Montes<\/li>\n\n\n\n<li>22: Sesi\u00f3n de residentes. Mar\u00eda P\u00e9rez Certal (Medicina Interna)<\/li>\n\n\n\n<li>29: Sesi\u00f3n de residentes. Lara Calvo Rubio (Medicina Interna)<\/li>\n<\/ul>\n\n\n\n<p>Las sesiones presentadas por los residentes los lunes tienen la intenci\u00f3n de revisar temas de inter\u00e9s general, adaptados al nivel formativo de cada uno.\u00a0Los R1-R2-R3, incluidos los rotantes de otros Servicios, seguir\u00e1n un temario prefijado con la idea de hacer un repaso a temas generales, siempre desde un punto de vista pr\u00e1ctico, intentando relacionarlos con la especialidad correspondiente.\u00a0Los R4 y R5 de Medicina Interna har\u00e1n revisiones de art\u00edculos originales de las revistas asignadas, de temas que consideren interesantes, siempre desde un punto de vista eminentemente pr\u00e1ctico y con sentido <strong>CR\u00cdTICO<\/strong>.\u00a0En caso de no poder dar la sesi\u00f3n el d\u00eda correspondiente, el interesado ser\u00e1 el encargado de cambiarla a otra fech<\/p>\n\n\n\n<h2 class=\"wp-block-heading\">INFORMACI\u00d3N SOBRE LAS SESIONES DE RESIDENTES<\/h2>\n\n\n\n<p>Las Sesiones se presentar\u00e1n en <em>Power Point <\/em>con una <u>duraci\u00f3n m\u00e1xima de 20-25 minutos<\/u>. Se pretende que el residente se habit\u00fae a hablar en p\u00fablico, familiariz\u00e1ndose con las presentaciones de temas m\u00e9dicos, incluyendo la b\u00fasqueda de bibliograf\u00eda ACTUALIZADA, y a responder a las dudas que puedan surgir sobre el tema.<\/p>\n\n\n\n<p><strong>Asignaci\u00f3n de revistas a residentes mayores de Medicina Interna: <\/strong><\/p>\n\n\n\n<ul class=\"wp-block-list\">\n<li>Dra. Alejandro Cu\u00e9llar de la Rosa: NEJM<\/li>\n\n\n\n<li>Dra. Lara V. Calvo Rubio: BMJ y JACC<\/li>\n\n\n\n<li>Dr. Carlos Lorente Larra\u00f1eta: Chest y Circulation<\/li>\n\n\n\n<li>Dra. Marina Pintor Rey: Lancet<\/li>\n\n\n\n<li>Dra. Julia Rodriguez Gonz\u00e1lez: ACR, Annals of Rheumatic Diseases y Rheumatology<\/li>\n\n\n\n<li>Dra. Eva Soria Alcaide: CID e IDSA<\/li>\n<\/ul>\n\n\n\n<h2 class=\"wp-block-heading\">INFORMACI\u00d3N SOBRE LAS SESIONES CL\u00cdNICAS<\/h2>\n\n\n\n<p>A los Residentes se les recuerda que las presentaciones deben tener un car\u00e1cter eminentemente pr\u00e1ctico, en <strong>Power Point y&nbsp;usar plantilla con logotipos del CAULE<\/strong> para facilitar su publicaci\u00f3n en el blog que se encuentra en la intranet del Hospital y con una duraci\u00f3n de <strong>no m\u00e1s de 20 minutos<\/strong>. El inter\u00e9s de los Casos Cl\u00ednicos no es tanto el acertar el diagn\u00f3stico concreto sino hacer un razonamiento cl\u00ednico argumentado con los datos que se presentan. <strong>Las diapositivas finales deben incluir los diagn\u00f3sticos m\u00e1s probables y la orientaci\u00f3n diagn\u00f3stica a seguir<\/strong>.&nbsp;Es necesario entregar el caso <strong>al menos con 7 d\u00edas de antelaci\u00f3n para las sesiones del servicio y 14 d\u00edas para las sesiones conjuntas con Radiolog\u00eda<\/strong> para poder colgarlo en el blog del Servicio y que todos podamos estudiarlo.<\/p>\n","protected":false},"excerpt":{"rendered":"<p>En esta p\u00e1gina se encuentra disponible el calendario de sesiones de las que se cuelga posteriormente el contenido en el blog. Los residentes de nuestro Servicio participan en la realizaci\u00f3n de las sesiones de los lunes (revisiones de temas y en el caso de residentes mayores de revistas) y de los mi\u00e9rcoles (cl\u00ednicas en colaboraci\u00f3n [&hellip;]<\/p>\n","protected":false},"author":4,"featured_media":0,"parent":0,"menu_order":0,"comment_status":"closed","ping_status":"closed","template":"","meta":{"jetpack_post_was_ever_published":false,"footnotes":""},"class_list":["post-13526","page","type-page","status-publish","hentry"],"jetpack_sharing_enabled":true,"post_mailing_queue_ids":[],"_links":{"self":[{"href":"https:\/\/www.icscyl.com\/mileon\/wp-json\/wp\/v2\/pages\/13526","targetHints":{"allow":["GET"]}}],"collection":[{"href":"https:\/\/www.icscyl.com\/mileon\/wp-json\/wp\/v2\/pages"}],"about":[{"href":"https:\/\/www.icscyl.com\/mileon\/wp-json\/wp\/v2\/types\/page"}],"author":[{"embeddable":true,"href":"https:\/\/www.icscyl.com\/mileon\/wp-json\/wp\/v2\/users\/4"}],"replies":[{"embeddable":true,"href":"https:\/\/www.icscyl.com\/mileon\/wp-json\/wp\/v2\/comments?post=13526"}],"version-history":[{"count":7,"href":"https:\/\/www.icscyl.com\/mileon\/wp-json\/wp\/v2\/pages\/13526\/revisions"}],"predecessor-version":[{"id":26920,"href":"https:\/\/www.icscyl.com\/mileon\/wp-json\/wp\/v2\/pages\/13526\/revisions\/26920"}],"wp:attachment":[{"href":"https:\/\/www.icscyl.com\/mileon\/wp-json\/wp\/v2\/media?parent=13526"}],"curies":[{"name":"wp","href":"https:\/\/api.w.org\/{rel}","templated":true}]}}